mposite?
True
Is 6467 a prime number?
False
Is 1087 composite?
False
Is 20249 a prime number?
True
Is 258019 composite?
False
Is 210823 a prime number?
True
Is 63737 a prime number?
True
Is 1007758 prime?
False
Is 71223 prime?
False
Is 853 a composite number?
False
Is 580843 a prime number?
True
Is 163083 composite?
True
Is 1205546 prime?
False
Is 255397 a prime number?
False
Is 21191 composite?
False
Is 2503 a prime number?
True
Is 102433 a composite number?
False
Is 719013 a prime number?
False
Is 69109 prime?
True
Is 77107 a composite number?
True
Is 37509 a prime number?
False
Is 4049 prime?
True
Is 24407 prime?
True
Is 47431 prime?
True
Is 684599 composite?
False
Is 37915 prime?
False
Is 34313 a composite number?
False
Is 558707 a composite number?
True
Is 15727 prime?
True
Is 157723 composite?
True
Is 39469 a prime number?
False
Is 126127 a composite number?
False
Is 12391 a prime number?
True
Is 47759 a composite number?
True
Is 52361 composite?
False
Is 65753 a composite number?
True
Is 9409 composite?
True
Is 865493 a prime number?
True
Is 317771 prime?
True
Is 152659 a prime number?
False
Is 67211 a prime number?
True
Is 10771 a composite number?
False
Is 217205 a prime number?
False
Is 469 composite?
True
Is 781817 composite?
False
Is 2936929 a composite number?
False
Is 4399 composite?
True
Is 10903 a prime number?
True
Is 40381 a composite number?
True
Is 28873 composite?
True
Is 2753189 a prime number?
True
Is 4735 a prime number?
False
Is 240287 prime?
True
Is 18539 composite?
False
Is 4853 prime?
False
Is 224701 a composite number?
True
Is 198461 composite?
False
Is 51971 a prime number?
True
Is 743 composite?
False
Is 93259 a composite number?
True
Is 34421 prime?
True
Is 8039 a prime number?
True
Is 127781 a prime number?
True
Is 10441 composite?
True
Is 90803 prime?
True
Is 998069 prime?
True
Is 29113 prime?
False
Is 48247 a composite number?
False
Is 53549 a prime number?
True
Is 561907 a composite number?
False
Is 304627 a prime number?
False
Is 43501 a composite number?
True
Is 377287 a composite number?
False
Is 112687 composite?
False
Is 31957 a prime number?
True
Is 31597 a composite number?
True
Is 3127 a composite number?
True
Is 374461 composite?
False
Is 91835 composite?
True
Is 166 a prime number?
False
Is 1273 a composite number?
True
Is 17341 composite?
False
Is 10942 a composite number?
True
Is 13141 composite?
True
Is 15299 a composite number?
False
Is 123023 a composite number?
True
Is 52489 a prime number?
True
Is 221509 prime?
True
Is 1695397 prime?
False
Is 12191 prime?
False
Is 22529 a prime number?
False
Is 2462969 a prime number?
False
Is 6887 a prime number?
False
Is 301319 a composite number?
False
Is 355529 composite?
False
Is 6814 composite?
True
Is 41927 a composite number?
False
Is 30757 a prime number?
True
Is 279703 a prime number?
False
Is 360497 composite?
False
Is 528799 a prime number?
True
Is 53113 a composite number?
False
Is 71699 a composite number?
False
Is 879685 prime?
False
Is 157991 a composite number?
False
Is 8461 a prime number?
True
Is 2278015 composite?
True
Is 339517 a composite number?
False
Is 6385 composite?
True
Is 864551 a composite number?
False
Is 165037 a prime number?
True
Is 191 a composite number?
False
Is 178729 composite?
True
Is 69001 prime?
True
Is 18947 a prime number?
True
Is 464459 a prime number?
True
Is 56807 a prime number?
True
Is 70729 composite?
False
Is 166 prime?
False
Is 479533 a composite number?
False
Is 1195 prime?
False
Is 2253311 composite?
False
Is 158731 a prime number?
True
Is 2219731 prime?
True
Is 1439 a composite number?
False
Is 974 prime?
False
Is 711377 a composite number?
True
Is 2287735 a composite number?
True
Is 262209 a prime number?
False
Is 117959 prime?
True
Is 12763 composite?
False
Is 88919 a prime number?
True
Is 54601 composite?
False
Is 1144447 a prime number?
False
Is 24907 prime?
True
Is 63643 a prime number?
False
Is 29951 prime?
False
Is 17519 composite?
False
Is 459113 prime?
True
Is 239287 composite?
False
Is 31951 composite?
True
Is 53047 a composite number?
False
Is 6122 a composite number?
True
Is 851249 composite?
True
Is 1315259 composite?
True
Is 257707 prime?
True
Is 143699 a composite number?
False
Is 3265 a composite number?
True
Is 7445 a prime number?
False
Is 120187 a prime number?
False
Is 6047 prime?
True
Is 12773 a prime number?
False
Is 563827 a composite number?
True
Is 33339 a prime number?
False
Is 22013 prime?
True
Is 531017 a composite number?
False
Is 4783 a prime number?
True
Is 2437 a composite number?
False
Is 247037 a prime number?
False
Is 286367 a prime number?
True
Is 41719 a composite number?
False
Is 1043957 a prime number?
False
Is 1446253 a prime number?
False
Is 1187771 prime?
False
Is 5039 a composite number?
False
Is 22299 a composite number?
True
Is 59999 a prime number?
True
Is 3643 a prime number?
True
Is 1801019 prime?
False
Is 5465 prime?
False
Is 141829 a prime number?
True
Is 18514 prime?
False
Is 60077 a composite number?
False
Is 1280243 prime?
False
Is 43241 composite?
True
Is 869 a prime number?
False
Is 713579 prime?
False
Is 17539 prime?
True
Is 3089 composite?
False
Is 251 a composite number?
False
Is 159 composite?
True
Is 29257 a prime number?
False
Is 46419 composite?
True
Is 1225109 composite?
False
Is 2271 prime?
False
Is 230407 prime?
False
Is 104989 a prime number?
False
Is 6491 prime?
True
Is 37861 composite?
False
Is 7737 composite?
True
Is 3571 prime?
True
Is 120301 a composite number?
True
Is 19063 composite?
True
Is 30679 a composite number?
True
Is 12323 a prime number?
True
Is 3856201 a composite number?
True
Is 694559 composite?
False
Is 11083 prime?
True
Is 8203 composite?
True
Is 57433 prime?
False
Is 23393 prime?
False
Is 27509 a prime number?
True
Is 5381 a prime number?
True
Is 17903 a composite number?
False
Is 1039453 prime?
False
Is 2129 a composite number?
False
Is 319119 composite?
True
Is 474359 prime?
True
Is 18141 a prime number?
False
Is 2333 composite?
False
Is 1242457 prime?
True
Is 5541 a composite number?
True
Is 26327 composite?
True
Is 47453 composite?
True
Is 50761 a prime number?
False
Is 115301 a composite number?
False
Is 350159 prime?
True
Is 182255 a composite number?
True
Is 1391605 composite?
True
Is 613 prime?
True
Is 7283 a prime number?
True
Is 316191 a prime number?
False
Is 1541 a composite number?
True
Is 3487 prime?
False
Is 154723 a prime number?
True
Is 30151 prime?
False
Is 50707 composite?
False
Is 71249 a prime number?
True
Is 9953 a prime number?
False
Is 11429 prime?
False
Is 2133899 a prime number?
True
Is 103529 prime?
True
Is 93421 a prime number?
False
Is 14583 composite?
True
Is 126127 a prime number?
True
Is 5375203 composite?
False
Is 181957 a prime number?
True
Is 407 composite?
True
Is 2234 a prime number?
False
Is 334727 a composite number?
False
Is 3647 a composite number?
True
Is 80261 prime?
False
Is 958891 a prime number?
False
Is 11057 composite?
False
Is 3299 a composite number?
False
Is 133787 prime?
False
Is 101537 prime?
True
Is 102953 composite?
False
Is 29717 composite?
False
Is 151531 prime?
True
Is 90033 prime?
False
Is 682411 prime?
True
Is 663191 a composite number?
False
Is 202427 a prime number?
False
Is 19999 a prime number?
False
Is 2735 a prime number?
False
Is 10133 prime?
True
Is 1299579 a composite number?
True
Is 228349 composite?
True
Is 18059 a prime number?
True
Is 194 a prime number?
False
Is 16234 prime?
False
Is 71707 prime?
True
Is 62761 a prime number?
True
Is 2099 prime?
True
Is 3761 prime?
True
Is 2260581 prime?
False
Is 128891 a prime number?
False
Is 1080971 a composite number?
False
Is 1226461 prime?
True
Is 316127 composite?
True
Is 62119 prime?
True
Is 5479 a composite number?
False
Is 15727 composite?
False
Is 169 a prime number?
False
Is 1046999 a prime number?
True
Is 48383 prime?
True
Is 2843 a composite number?
False
Is 414521 a composite number?
False
Is 32887 prime?
True
Is 93455 a composite number?
True
Is 473 composite?
True
Is 1883 composite?
True
Is 8885 composite?
True
Is 1949 composite?
False
Is 9023 a composite number?
True
Is 53513 prime?
False
Is 3163 a prime number?
True
Is 219713 prime?
False
Is 3247 prime?
False
Is 115571 a composite number?